 is divided by 94.
3
What is the remainder when 11358 is divided by 3556?
690
What is the remainder when 737 is divided by 63?
44
Calculate the remainder when 6058 is divided by 1882.
412
Calculate the remainder when 1031 is divided by 196.
51
What is the remainder when 258096 is divided by 548?
536
What is the remainder when 149499 is divided by 27?
0
Calculate the remainder when 324866 is divided by 3456.
2
Calculate the remainder when 14107 is divided by 3526.
3
What is the remainder when 5630 is divided by 1395?
50
What is the remainder when 37670 is divided by 126?
122
What is the remainder when 14836 is divided by 140?
136
Calculate the remainder when 299792 is divided by 36.
20
What is the remainder when 598484 is divided by 394?
392
Calculate the remainder when 472225 is divided by 118051.
21
What is the remainder when 699 is divided by 427?
272
What is the remainder when 229646 is divided by 19?
12
What is the remainder when 361 is divided by 63?
46
What is the remainder when 2250652 is divided by 447?
7
Calculate the remainder when 4783 is divided by 301.
268
What is the remainder when 3545 is divided by 1767?
11
What is the remainder when 1707 is divided by 367?
239
Calculate the remainder when 2733 is divided by 318.
189
Calculate the remainder when 11486 is divided by 883.
7
Calculate the remainder when 215395 is divided by 872.
11
Calculate the remainder when 9425 is divided by 511.
227
Calculate the remainder when 1540799 is divided by 47.
45
What is the remainder when 50399 is divided by 28?
27
What is the remainder when 5280 is divided by 1132?
752
What is the remainder when 4041622 is divided by 175?
172
What is the remainder when 2006 is divided by 815?
376
Calculate the remainder when 813 is divided by 264.
21
Calculate the remainder when 6927 is divided by 190.
87
Calculate the remainder when 66467 is divided by 2458.
101
Calculate the remainder when 225316 is divided by 25.
16
Calculate the remainder when 25323 is divided by 13.
12
Calculate the remainder when 2690829 is divided by 82.
81
What is the remainder when 5244 is divided by 12?
0
What is the remainder when 1394 is divided by 693?
8
What is the remainder when 107126 is divided by 42?
26
What is the remainder when 8348 is divided by 93?
71
What is the remainder when 21871 is divided by 223?
17
What is the remainder when 405833 is divided by 1046?
1031
Calculate the remainder when 59801 is divided by 32.
25
Calculate the remainder when 27754 is divided by 868.
846
Calculate the remainder when 65768 is divided by 33.
32
What is the remainder when 10951 is divided by 2171?
96
Calculate the remainder when 3574 is divided by 3541.
33
Calculate the remainder when 3993 is divided by 250.
243
What is the remainder when 1472 is divided by 1321?
151
What is the remainder when 668540 is divided by 106?
104
Calculate the remainder when 21195 is divided by 191.
185
What is the remainder when 867 is divided by 167?
32
Calculate the remainder when 504 is divided by 188.
128
What is the remainder when 7377 is divided by 2454?
15
What is the remainder when 1602 is divided by 813?
789
Calculate the remainder when 12807 is divided by 870.
627
What is the remainder when 1295 is divided by 647?
1
What is the remainder when 167635 is divided by 2?
1
What is the remainder when 6837 is divided by 145?
22
Calculate the remainder when 37315 is divided by 6.
1
Calculate the remainder when 566 is divided by 224.
118
What is the remainder when 154250 is divided by 197?
196
Calculate the remainder when 1599 is divided by 1580.
19
What is the remainder when 2411 is divided by 2407?
4
What is the remainder when 2766 is divided by 127?
99
Calculate the remainder when 1175 is divided by 204.
155
Calculate the remainder when 74099 is divided by 14785.
174
Calculate the remainder when 271354 is divided by 118.
72
Calculate the remainder when 4220 is divided by 4199.
21
What is the remainder when 127293 is divided by 163?
153
What is the remainder when 5434 is divided by 1810?
4
Calculate the remainder when 22043 is divided by 45.
38
What is the remainder when 12379 is divided by 18?
13
Calculate the remainder when 8861 is divided by 1021.
693
Calculate the remainder when 2514488 is divided by 36.
32
What is the remainder when 27402 is divided by 762?
732
Calculate the remainder when 12119 is divided by 2893.
547
Calculate the remainder when 7770 is divided by 2351.
717
What is the remainder when 725 is divided by 679?
46
What is the remainder when 21904 is divided by 21897?
7
Calculate the remainder when 156486 is divided by 486.
480
What is the remainder when 243533 is divided by 74?
73
Calculate the remainder when 35735 is divided by 944.
807
What is the remainder when 11662 is divided by 11656?
6
What is the remainder when 953 is divided by 3?
2
What is the remainder when 7831 is divided by 29?
1
Calculate the remainder when 104790 is divided by 169.
10
What is the remainder when 8097 is divided by 890?
87
What is the remainder when 24714 is divided by 35?
4
What is the remainder when 161222 is divided by 1897?
1874
Calculate the remainder when 20161 is divided by 6665.
166
Calculate the remainder when 159335 is divided by 26538.
107
What is the remainder when 11269 is divided by 289?
287
What is the remainder when 1696 is divided by 1685?
11
What is the remainder when 10226 is divided by 178?
80
What is the remainder when 22044 is divided by 149?
141
What is the remainder when 4509164 is divided by 15?
14
What is the remainder when 2212 is divided by 96?
4
Calculate the remainder when 8180 is divided by 3923.
334
What is the remainder when 12389348 is divided by 1711?
1708
What is the remainder when 2756 is divided by 309?
284
Calculate the remainder when 73316 is divided by 5.
1
Calculate the remainder when 30480 is divided by 8.
0
Calculate the remainder when 416 is divided by 380.
36
Calculate the remainder when 4430 is divided by 1469.
23
What is the remainder when 4689826 is divided by 22?
20
Calculate the remainder when 59408 is divided by 29680.
48
Calculate the remainder when 23499 is divided by 100.
99
Calculate the remainder when 4843 is divided by 4583.
260
Calculate the remainder when 9295 is divided by 201.
49
Calculate the remainder when 7057 is divided by 1034.
853
Calculate the remainder when 64443 is divided by 6.
3
Calculate the remainder when 1409 is divided by 38.
3
Calculate the remainder when 1266 is divided by 36.
6
What is the remainder when 10835 is divided by 6?
5
What is the remainder when 29256 is divided by 2659?
7
Calculate the remainder when 2608 is divided by 817.
157
What is the remainder when 6339 is divided by 3?
0
What is the remainder when 1283 is divided by 1016?
267
Calculate the remainder when 14698 is divided by 611.
34
What is the remainder when 3840 is divided by 45?
15
What is the remainder when 14376 is divided by 2361?
210
Calculate the remainder when 966 is divided by 121.
119
Calculate the remainder when 4893 is divided by 2394.
105
Calculate the remainder when 24743 is divided by 7.
5
Calculate the remainder when 206333 is divided by 41258.
43
What is the remainder when 131313 is divided by 1443?
0
What is the remainder when 2076 is divided by 473?
184
Calculate the remainder when 3071 is divided by 161.
12
Calculate the remainder when 27695 is divided by 86.
3
Calculate the remainder when 3406 is divided by 74.
2
Calculate the remainder when 1289 is divided by 464.
361
What is the remainder when 30743 is divided by 7621?
259
Calculate the remainder when 322057 is divided by 5.
2
Calculate the remainder when 2394 is divided by 481.
470
Calculate the remainder when 52906 is divided by 804.
646
Calculate the remainder when 1652 is divided by 1628.
24
What is the remainder when 91780 is divided by 36?
16
What is the remainder when 6304 is divided by 1038?
76
What is the remainder when 503 is divided by 11?
8
What is the remainder when 1720 is divided by 429?
4
Calculate the remainder when 14487 is divided by 35.
32
What is the remainder when 393362 is divided by 23?
16
What is the remainder when 4009 is divided by 14?
5
Calculate the remainder when 24540 is divided by 210.
180
What is the remainder when 146597 is divided by 36?
5
Calculate the r